. What are the prime factors of j?
3
Let a(w) be the first derivative of w**4/4 - 2*w**3/3 - 2*w**2 + w - 2. Let o be a(4). Let u = 28 - o. List the prime factors of u.
11
Let a = -55 + 129. List the prime factors of a.
2, 37
Let r = -1 - -1. Suppose -2*c = -5*n + 3*n + 94, -4*n - 4 = r. List the prime factors of (1/2)/((-2)/c).
2, 3
List the prime factors of 27*(-1)/(-1) + -1.
2, 13
Suppose 2*i = -6 - 4. Suppose -3*y + y - 20 = 0. Let a = i - y. What are the prime factors of a?
5
Let c = -2 + 12. List the prime factors of c.
2, 5
Suppose 20*v - 23*v = -1101. What are the prime factors of v?
367
List the prime factors of 14 + 1 + -5 - -2.
2, 3
Suppose -384 = -5*a + 526. What are the prime factors of a?
2, 7, 13
Let t = -28 - -52. Let v(p) = p - 4. Let y be v(4). Suppose y*s - t = -3*s. List the prime factors of s.
2
Let y be (64/20)/((-1)/(-5)). Suppose 0*n - y = -n. What are the prime factors of n?
2
What are the prime factors of 42 + (16/4 - 0)?
2, 23
Suppose 3*a - 2*p = 4*a - 41, 4*p = 3*a - 73. What are the prime factors of a?
31
Let a = 8 - 17. What are the prime factors of -3*(-3 + 3/a)?
2, 5
Let b be 12*((-30)/(-8))/(-3). Suppose -f + 130 = 4*f. Let q = f + b. What are the prime factors of q?
11
Let w be ((-3)/6)/(6/(-276)). Suppose 2*s - 37 = w. List the prime factors of s.
2, 3, 5
Suppose 425 = 5*q - 15. List the prime factors of q.
2, 11
Let f(i) = -i**3 - i**2 + 5*i + 5. What are the prime factors of f(-4)?
3, 11
Suppose 3*h - 64 + 19 = 0. Suppose -h = 4*p - 9*p. Suppose -v - 22 = -p*v. List the prime factors of v.
11
Suppose 7*q - 2*q = 2*v - 16, 5*v - 5*q = 10. What are the prime factors of v + 0/3 + 31?
29
Let a = -22 - -38. Suppose -a = -4*u + 16. Suppose 2*t + u = 0, t + 26 = -b + 3*b. List the prime factors of b.
11
Suppose 3*n + 1240 = -2*n. Let p be (-10)/(-45) + n/(-18). List the prime factors of (-21)/(-2) + (-7)/p.
2, 5
Let r(o) be the first derivative of -9*o**2/2 - 12*o + 1. List the prime factors of r(-5).
3, 11
Let q(o) = 4*o**2 + 6*o + 13. List the prime factors of q(-4).
53
Let y = 0 - -3. Suppose 2*x - 287 = -y*n, 3*x + 4*n = -n + 429. List the prime factors of (-2)/7 - x/(-28).
5
Let n = 1 + 1. Suppose n*k + 0 = 24. What are the prime factors of k?
2, 3
Let w(b) = 4*b**3 + 2*b + 1. Let u be w(-1). What are the prime factors of (12/(-15))/(1/u)?
2
Let g(p) = 6*p**3 + 3*p**2 + p - 2. List the prime factors of g(1).
2
Suppose 3*k - 2*u - 100 = 0, -3*k + 68 = -u - 27. List the prime factors of k.
2, 3, 5
Let i(m) = m**3 + m. Let u(a) = 2*a**3 - 11*a**2 - 3*a - 16. Let t(k) = -3*i(k) + u(k). What are the prime factors of t(-11)?
2, 5
Let v = 7 + -2. Suppose z + k = 1, 5*z - 3*k - 19 = -k. Suppose v*r - 18 + z = 0. What are the prime factors of r?
3
Let b = 10 + 25. What are the prime factors of 4/(-10) + 434/b?
2, 3
Suppose 43 = m - 4*i, 41 = 4*m + 2*i - 149. List the prime factors of m.
47
Let w(l) = 62*l - 23. What are the prime factors of w(4)?
3, 5
Suppose 2*l + l - 57 = 0. Suppose 5*s - 3 = 2*s. Suppose f + s = j, -f - l = j - 5*j. List the prime factors of j.
2, 3
Let d(v) = -v**3 - v**2 - v - 7. Let l be d(0). Let j(a) be the first derivative of -a**2 - 2*a + 1. List the prime factors of j(l).
2, 3
Let q(j) = 1 + 6*j**2 - j**2 - 3*j - 4*j**2. What are the prime factors of q(7)?
29
Let q(h) = -h**2 - 15*h. List the prime factors of q(-12).
2, 3
Suppose -c = -3*w + 6, -5*w - 3*c + 12 = -4*w. Suppose -h = 2*b + w*h - 4, 0 = b - h + 1. Suppose -4*q + 10 + 38 = b. List the prime factors of q.
2, 3
Suppose 0 = 3*w + 9*w - 1632. List the prime factors of w.
2, 17
Suppose -2*r + r + 4*f + 30 = 0, -3*f = 2*r - 38. Suppose -d + r = 7. List the prime factors of d.
3, 5
Let c(h) = -h**2 + 9*h - 3. Let i be c(8). Suppose -5*o + 57 = -0*a + 2*a, -o - i*a = -16. List the prime factors of o.
11
What are the prime factors of (1 + -2)*-314 - (9 + -13)?
2, 3, 53
Let x be ((-4)/6)/(2/3). Let s be 1*x/1*-5. Suppose 3 = s*p - 3*a - 17, -a = p - 4. What are the prime factors of p?
2
Let s = -1 - 11. Let c be s/18 - 34/(-6). Let q = 8 - c. What are the prime factors of q?
3
Let t(d) = -23*d - 1. Let q = 6 - 7. Let y be t(q). Suppose -2*f + 2 = -y. What are the prime factors of f?
2, 3
Let j(n) = n**3 + 5*n**2 - 2*n - 6. Let s be j(-5). Suppose 2*a - 3*v - 19 = 0, 2 = s*a - v - 11. What are the prime factors of a?
2
Let r(t) be the first derivative of t**3/3 + 3*t**2/2 + t - 3. List the prime factors of r(4).
29
Suppose 80 = 3*o - 2*u - 2*u, -3*o + u = -65. List the prime factors of o.
2, 5
Let u(g) = -g + 10. Let c be u(0). Suppose -c = -4*h + 6. Suppose -3*d - 6 = h*v + 1, d + 17 = -5*v. List the prime factors of d.
3
Suppose 36 = 4*z - 0*z. Let d = -5 + z. Suppose -8 = d*c - 44. List the prime factors of c.
3
Suppose -3*k - 10 = -16. List the prime factors of k.
2
Let m(u) = 13*u - 10. List the prime factors of m(4).
2, 3, 7
Let h(p) = p**2 + 3*p + 2. Let v be h(-3). Let s be 5/v*8/10. Suppose 0*c + 2*j = -2*c, -s*c + 2*j + 20 = 0. List the prime factors of c.
5
Let h(o) = 12*o**3 + 3*o**2 - o - 4. List the prime factors of h(2).
2, 3, 17
Let i = 12 - 5. List the prime factors of i.
7
Let a = -20 - -12. What are the prime factors of -6*(-2)/(a/(-6))?
3
Let d = 84 + -79. List the prime factors of d.
5
Let s = 8 + 6. Let t be 844/s - (-2)/(-7). Suppose 4*y - m - t = m, 5*m = y - 33. What are the prime factors of y?
13
Let v(k) = 6*k - 1. List the prime factors of v(4).
23
Suppose 438 = 4*j - 0*p + 3*p, 448 = 4*j - 2*p. List the prime factors of j.
3, 37
Let s = -141 - -489. What are the prime factors of s?
2, 3, 29
What are the prime factors of 4*(-4)/(-16) + 0 + 337?
2, 13
Let c be 1 - (-1 + -4 + 1). Suppose g + 100 = c*g. List the prime factors of g.
5
Suppose 4 - 39 = -5*y. Suppose -7 = -4*j - 4*k - 3, 4*j = -k + y. Let u = j - 0. List the prime factors of u.
2
What are the prime factors of -2*(-81 + 3*2/3)?
2, 79
Let z(m) = m**2 + 5. Let n be z(7). Let l = n - 37. What are the prime factors of l?
17
What are the prime factors of 12/(-42) - (1619/(-7) - 2)?
233
Let l = -5 + 1. Suppose 31 - 7 = -4*t. Let c = l - t. List the prime factors of c.
2
Let f(k) = 2*k**2 + 11*k - 4. Let n be f(-11). Suppose -2*z - 93 = -6*z - 5*s, -3*s - n = -4*z. List the prime factors of z.
3
Suppose -105 = -3*t - 4*t. What are the prime factors of t?
3, 5
Let n be (-8 - -10) + (-2 - -1). List the prime factors of (-6 - -8) + 31/n.
3, 11
Suppose -a = 4*a - 410. List the prime factors of a.
2, 41
Let f(h) = -h + 8. Let k be f(6). Suppose -8 = -k*b + x, -2*b - 7 = -b + 5*x. What are the prime factors of b?
3
List the prime factors of (-11090)/(-75) + 4/30.
2, 37
Suppose 3*i - 144 = 4*r, 5*i + 34 = -3*r + 303. What are the prime factors of i?
2, 13
Let k(j) = 49*j**2 - 4*j - 4. List the prime factors of k(-1).
7
Suppose 0 = -0*o + 5*o. Suppose o = k + 4 - 9. Suppose k*d - 8 - 5 = z, 5*d - 1 = 2*z. List the prime factors of z.
2, 3
Let s(t) = 6*t**3 - 2*t**2 - t + 6. What are the prime factors of s(2)?
2, 11
Let d be (-284)/(-14) + 12/(-42). Suppose 14 = b + 4*i - d, 55 = 2*b - 5*i. What are the prime factors of b?
2, 3, 5
Let f = 81 + 10. What are the prime factors of f?
7, 13
List the prime factors of -74*(-2 - 3/(-6)).
3, 37
Let r(p) = -p**2 + 10*p - 11. Let k be r(8). Suppose -k*b + 3*b - 46 = 0. Let f = -11 - b. List the prime factors of f.
2, 3
Let c = -396 + 595. What are the prime factors of c?
199
What are the prime factors of 412/(-8)*(-3 + 2/2)?
103
Let s(w) = w - 2. Let j be s(8). Let a be ((-15)/j)/(-5)*0. Suppose -m = -5*d + 9, 3*m - 5*d + 7 - 20 = a. List the prime factors of m.
11
Suppose 0 = -4*b + 2*v + 378, -2*b - 455 = -7*b - v. List the prime factors of b.
2, 23
Suppose 5*x - 40 - 135 = 0. What are the prime factors of x?
5, 7
Let t(h) = -h - 7. Suppose 26 = -4*u - 5*j - 29, 9 = -3*j. Let x be t(u). Suppose 7*i - x*i - 20 = 0. What are the prime factors of i?
5
Suppose -k = y - 4*k - 19, -3*y + 42 = -4*k. List the prime factors of y.
2, 5
Suppose -3*s - 89 = -4*s. List the prime factors of s.
89
Let t be (-1)/(-2) - (-27)/6. Suppose -t*k + v = 2*v - 11, 2*v + 11 = k. Suppose 0 = -a + k*a - 24. List the prime factors of a.
2, 3
Let j(d) = d**3 - 5*d**2 + d - 2. Let c be j(5). Suppose -3 = -0*r - c*r. List the prime factors of 12 + r + 